umber?
False
Suppose 5*q - 4*g - 755 = 535, -q + 249 = g. Is q composite?
True
Suppose 5*l = 475 + 275. Let d = -71 + l. Is d composite?
False
Let x = 1185 - -74. Is x prime?
True
Is 273/(-13)*(-2)/(12/178) a prime number?
False
Suppose 109 = 2*c - 159. Let x = c - 45. Is x prime?
True
Let p = -1404 + 2520. Suppose p - 15 = 3*s. Is s a composite number?
False
Let m = 413 - 42. Is m a prime number?
False
Let a = -48 + 83. Is a prime?
False
Let v(u) = -20*u**3 - u**2 - u - 1. Suppose 3 = -g - 3*a - 13, -4*a = -4*g + 16. Is v(g) a composite number?
False
Let y(s) = s**3 + 4*s**2 - s - 1. Let b be y(-3). Suppose 4*d = -0*d + 8. Suppose d*z - 33 = b. Is z a prime number?
False
Suppose 2*f = 3*f. Suppose -2*q + 0*q + 70 = f. Suppose 4*z - 21 = q. Is z a composite number?
True
Let u = -7 + 10. Suppose 2*i - 5*s = -9, 0 = -3*i - u*s + 19 - 1. Suppose -c = 5*a - 151, c = i*a + 62 - 159. Is a prime?
True
Let j(p) be the first derivative of p**3/3 - p**2 - p + 1. Is j(4) a composite number?
False
Let a(i) = -3*i**3 + i**2 + 2*i + 1. Is a(-1) prime?
True
Suppose v = -12 - 17. Let c = v + 64. Is c a prime number?
False
Let a(k) = 37*k**2 + 2*k + 2. Is a(-1) a composite number?
False
Let x(h) = 4*h - 9. Suppose -3*y = -0*y - 27. Suppose 4*s + 4*c - y = 3, c + 9 = s. Is x(s) a composite number?
True
Is 6159/(-2)*(1 + 5/(-3)) composite?
False
Suppose v - 6 = -2*x, -2*x - 2 = -3*v + 8*v. Suppose -5*i = -i + 3*l + 65, -5*i = -x*l + 58. Let y = i + 28. Is y composite?
True
Let h = 768 - 543. Let p = -116 + h. Is p composite?
False
Suppose -2*d - 508 = -6*d. Is d prime?
True
Let w = 44 - 25. Is w a prime number?
True
Suppose -4*j - 3108 = -9932. Is j composite?
True
Suppose 10*a = 2*r + 5*a + 12, 3*r + 3*a = 24. Suppose 5*o = 2*s - 202, -2*s + 428 = 2*s - r*o. Is s a prime number?
False
Let h(a) = 640*a - 5. Is h(1) a composite number?
True
Let s = -95 + 241. Suppose -2*m = -0*m - s. Let x = -47 + m. Is x a composite number?
True
Let d(u) = 2*u**2 + 4*u + 3. Let l be d(-2). Is (2 - -4)/l - -117 composite?
True
Let s(w) = w**3 + 6*w**2 + 3*w + 5. Let i = -2 - 1. Let a be ((-9)/(-3))/i*5. Is s(a) a prime number?
False
Let t(w) = 24*w - 1. Is t(6) a composite number?
True
Let d(w) = 20*w + 8. Let t be d(7). Suppose 0 = -p + 53 + t. Is p composite?
True
Let s = -22 - -38. Let w = -7 + s. Is w prime?
False
Is (-8)/32 - -20621*(-1)/(-4) composite?
True
Let r = -1 - -6. Suppose r*y - 2*y = -333. Let u = y - -208. Is u a composite number?
False
Suppose -4*l - 68 - 136 = 0. Let h be l/12 - 1/(-4). Let n(y) = -9*y + 1. Is n(h) a composite number?
False
Let q = -95 - -201. Is q a composite number?
True
Let n be 6/12*2*2. Suppose 0 = -5*y - s + 610, s = 4*y + n*s - 489. Is y a prime number?
False
Suppose -2*y = -4*r + 200, -r - 5*y + 69 = -3. Suppose 0 = -5*a - 4*j + r - 513, 0 = -3*a - 2*j - 277. Let s = 146 + a. Is s composite?
False
Is (2 + -1)*(120 - -3) composite?
True
Let o be 38/14 - (-4)/14. Suppose -3*d = -0*b - o*b - 9, -4*d + b + 21 = 0. Is (254/d)/((-2)/(-6)) a prime number?
True
Suppose -r + 984 = 107. Is r a prime number?
True
Let r(i) = 26*i**3 - 2*i**2 - i + 1. Is r(2) a composite number?
False
Suppose 4*h = 20, q - 5 = 3*h + 3. Is q a composite number?
False
Let g be (-2 + -3)/(4/(-24)). Suppose -5*l - 5 = -g. Suppose l*a - a - 44 = 0. Is a prime?
True
Suppose j = -5*i + 13, 0 = -2*i - 2*j + 3*j + 8. Let v = i - 0. Suppose 4*m - 258 = -2*k - 0*m, v*m = -k + 134. Is k a prime number?
False
Let b(k) = 803*k - 6. Is b(1) prime?
True
Let n be (0 - (-4)/10)*10. Suppose -157 = 4*u - 5*u - 4*y, n*u = 5*y + 649. Is u a prime number?
False
Let f(h) = -2*h**2 + 21*h**2 + 4*h - 4*h**2. Is f(-3) a prime number?
False
Let h(o) = 3*o + 12. Is h(7) prime?
False
Let y = 1 - -1. Let h(q) be the third derivative of q**5/10 - q**4/12 + q**3/6 - q**2. Is h(y) composite?
True
Let o(b) = 34*b - 15. Let r be o(12). Let q = r + -182. Is q a composite number?
False
Suppose -2*q + 0 + 2 = 0. Is 5/(-2)*q*-6 composite?
True
Let m be 52/(-16) + (-6)/8. Let b(z) = -3*z**3 + z**2 - 2. Let d be b(m). Suppose y - 103 = -2*r + r, -2*y + d = -r. Is y prime?
True
Suppose 0 = -4*q + 3*r - 21 - 0, 4*r - 9 = -q. Let i = q + 34. Is i a composite number?
False
Suppose -7*p = -108 + 31. Is p prime?
True
Suppose 34460 = 15*k + 4205. Is k prime?
True
Let y = -19 + 12. Let i(r) = -12*r**3 - 3*r**2 - r. Let s be i(-2). Let z = s + y. Is z a composite number?
False
Suppose -h + 26 = 2*s, 4*s = -5*h + 67 + 39. Let m = h + 33. Is m composite?
True
Let n(r) = -2*r + 2. Let h be n(-2). Let a = h + -4. Is -1*(1 + a - 6) a prime number?
True
Suppose -2*s - 2*s = 60. Suppose -4*y = -9*y + 90. Let b = y - s. Is b prime?
False
Suppose -5*n = -25, 2*c + n = -0*n + 125. Suppose c + 325 = 5*h. Is h a prime number?
False
Is 1/(-2)*-3*(-236)/(-6) prime?
True
Let b = 10 - 4. Let s = 34 - 12. Suppose s = 2*l - b. Is l a prime number?
False
Let s = -28 + 74. Is s a composite number?
True
Let w(j) = 2*j**2 + 12*j + 2*j**2 + 9 - 9*j. Is w(4) prime?
False
Suppose 29*n - 49 = 28*n. Is n prime?
False
Suppose -4*l + 368 = -g - 4*g, 0 = l + 5*g - 117. Is l a composite number?
False
Suppose -10*q + 33506 = 7036. Is q composite?
False
Let i be 393 + -2 + 1*2. Is 2/8 + i/12 a prime number?
False
Suppose 17 = u + 3*o, 3*u - 5 = -2*u + o. Suppose -5*l - 5*x + 2755 = 0, 0*l + 555 = l + u*x. Is l prime?
True
Let a = 67 + -150. Let d = -57 - a. Is d a composite number?
True
Let n = 13 + -46. Let d be (-746)/(-11) + 14/77. Let v = n + d. Is v prime?
False
Suppose -5*j - 2672 + 692 = -5*f, -797 = -2*f + j. Is f a prime number?
True
Suppose -2*a = -0*a + 4. Let i be (-242)/a + 3 + -4. Suppose -i = -p + x + 132, -2*x + 255 = p. Is p a composite number?
True
Suppose -f + 9 = t, -t = 3*t + 2*f - 38. Let g = t - 44. Let h = -1 - g. Is h a composite number?
True
Let f = 9 - 4. Suppose 0 = f*t, 0 = 3*p - t + 2*t - 705. Is p composite?
True
Let u = -1316 - -2727. Is u composite?
True
Is (-9359)/(-11) + 3 + 93/(-33) composite?
True
Suppose 0 = 18*v - 16*v - 118. Let l = v - -20. Is l a prime number?
True
Suppose -4*u = -2*u - 6. Let h = -92 + 368. Suppose -l + 4*i + h = 3*l, 0 = -5*l - u*i + 313. Is l prime?
False
Is (-4)/(-10) + 393*159/45 a composite number?
True
Let u(z) = -27*z - 7. Let p be u(-6). Suppose 554 = 3*m + p. Is m a prime number?
False
Let x(a) = 3*a**2 + 23*a - 1. Let z(o) = -o**2 - 8*o. Let q(i) = -4*x(i) - 11*z(i). Let d be q(-5). Is (d/3)/(2/(-282)) a prime number?
True
Let z = -798 - -1475. Is z a composite number?
False
Let a = 474 - -193. Is a a prime number?
False
Let h be 0 - 1 - -2 - -1. Let c(o) = -3 + 2*o**h + 4 + o - 7*o. Is c(6) a prime number?
True
Let j(f) = -f**2 - 3*f + 6. Let q be j(-5). Is (63 + 5)*(-7)/q prime?
False
Let z(o) = 3*o**2 + 4*o. Suppose -3*p = -7 - 5, -a - 5*p + 17 = 0. Is z(a) composite?
True
Suppose 16 = 2*j + 3*j - 3*b, 0 = 5*j - 5*b - 20. Suppose -2*w - j*w + 440 = 0. Suppose 3*z - 5*a = -2*z + 255, w = 2*z + 2*a. Is z a prime number?
True
Suppose -4*b + 2*q - 34 = -0*q, 2*q = -b + 4. Is 2/6 + (-280)/b prime?
True
Let h(u) be the second derivative of u**5/20 - 5*u**4/12 - 2*u**3/3 - 2*u**2 + u. Let d be h(6). Is (4/d)/(2/148) a prime number?
True
Let s = 20 - -13. Suppose -d + 68 = 2*h, 0 = d - 2*h - 3*h - s. Is d composite?
True
Is (2242/(-6))/(11/(-33)) a prime number?
False
Suppose a = 6*a - 275. Is a a prime number?
False
Suppose k = n - 2*k - 6, -3*k - 15 = -2*n. Is -3*((-33)/n - 1) prime?
False
Let k = 136 - 59. Is k prime?
False
Let c(b) = -b + 7. Let l be c(8). Let y = 2 - l. Suppose 0 = 3*q - 2*x - x - 165, 2*q + y*x - 130 = 0. Is q prime?
True
Let s(l) be the third derivative of l**5/60 - l**4/4 - 13*l**3/6 - l**2. Is s(-12) a composite number?
True
Is 10/(-8)*1828/(-1) prime?
False
Let w(m) = m - 1. Let t be 4/14 + (-24)/(-14). Let i(p) = -10*p - 5. Let v(r) = t*w(r) + i(r). Is v(-9) composite?
True
Suppose 387 = 3*k + 2*x - 578, 5*x = -5*k + 1615. Is k a prime number?
False
Suppose 0 = 7*i + 11*i - 111546. Is i a composite number?
False
Let x(h) = h**2 - 4*h - 1. Let v be x(5). Suppose -4*f + 172 = -2*q - 2*q, 0 = -4*f - v*q + 204. Is f a prime number?
True
Let j(z) be the second derivative of z**4/4 - 7*z**3/6 + z**2/2 + 2*z. Suppose 0*l = 3*l - 2*b - 20, l = 3*b + 9. Is j(l)